git of 27734458?
8
What is the units digit of 1337093?
3
What is the tens digit of 270169?
6
What is the hundred thousands digit of 3333718?
3
What is the hundred thousands digit of 1538219?
5
What is the thousands digit of 7984410?
4
What is the ten thousands digit of 148503?
4
What is the ten thousands digit of 1218554?
1
What is the tens digit of 7813385?
8
What is the ten thousands digit of 152965?
5
What is the ten thousands digit of 1278851?
7
What is the tens digit of 1280742?
4
What is the hundred thousands digit of 385841?
3
What is the tens digit of 1515714?
1
What is the hundred thousands digit of 138760?
1
What is the thousands digit of 2402861?
2
What is the ten thousands digit of 410019?
1
What is the tens digit of 1463720?
2
What is the tens digit of 20640250?
5
What is the tens digit of 348836?
3
What is the ten thousands digit of 164674?
6
What is the tens digit of 1381836?
3
What is the millions digit of 10398362?
0
What is the ten thousands digit of 221937?
2
What is the hundreds digit of 7196022?
0
What is the ten thousands digit of 983726?
8
What is the ten thousands digit of 20170?
2
What is the tens digit of 104402?
0
What is the hundreds digit of 336413?
4
What is the hundred thousands digit of 590477?
5
What is the tens digit of 18577441?
4
What is the ten millions digit of 18859480?
1
What is the ten millions digit of 14106492?
1
What is the thousands digit of 140569?
0
What is the hundreds digit of 1246668?
6
What is the hundred thousands digit of 5681493?
6
What is the hundreds digit of 234910?
9
What is the hundreds digit of 2691917?
9
What is the hundreds digit of 8817035?
0
What is the units digit of 5719862?
2
What is the tens digit of 256597?
9
What is the units digit of 251009?
9
What is the units digit of 3111208?
8
What is the hundreds digit of 6111268?
2
What is the millions digit of 30442127?
0
What is the thousands digit of 305225?
5
What is the tens digit of 6354849?
4
What is the tens digit of 208167?
6
What is the units digit of 190274?
4
What is the thousands digit of 10741662?
1
What is the hundreds digit of 2889788?
7
What is the units digit of 378552?
2
What is the ten thousands digit of 3282653?
8
What is the millions digit of 11790352?
1
What is the tens digit of 13209768?
6
What is the ten thousands digit of 246637?
4
What is the ten thousands digit of 153429?
5
What is the tens digit of 238974?
7
What is the hundreds digit of 11359155?
1
What is the ten thousands digit of 32283?
3
What is the tens digit of 8145?
4
What is the tens digit of 7653245?
4
What is the thousands digit of 20439?
0
What is the units digit of 1850232?
2
What is the hundred thousands digit of 309731?
3
What is the hundreds digit of 523417?
4
What is the units digit of 629703?
3
What is the hundreds digit of 37013188?
1
What is the millions digit of 22993283?
2
What is the millions digit of 8735406?
8
What is the millions digit of 1147324?
1
What is the thousands digit of 17345195?
5
What is the ten thousands digit of 18754548?
5
What is the hundred thousands digit of 326463?
3
What is the tens digit of 757574?
7
What is the thousands digit of 195192?
5
What is the units digit of 17241252?
2
What is the tens digit of 4102354?
5
What is the thousands digit of 903026?
3
What is the hundred thousands digit of 327545?
3
What is the hundred thousands digit of 9753384?
7
What is the hundred thousands digit of 2648193?
6
What is the tens digit of 3240217?
1
What is the hundred thousands digit of 7366239?
3
What is the hundreds digit of 42863153?
1
What is the millions digit of 1043738?
1
What is the hundred thousands digit of 1540898?
5
What is the tens digit of 742062?
6
What is the ten thousands digit of 41332?
4
What is the hundred thousands digit of 899548?
8
What is the hundreds digit of 5692391?
3
What is the hundred thousands digit of 7712393?
7
What is the units digit of 1349812?
2
What is the units digit of 379766?
6
What is the thousands digit of 831344?
1
What is the units digit of 216449?
9
What is the tens digit of 154338?
3
What is the ten millions digit of 12365126?
1
What is the ten thousands digit of 4907341?
0
What is the millions digit of 2838287?
2
What is the thousands digit of 4476496?
6
What is the thousands digit of 454588?
4
What is the ten thousands digit of 260217?
6
What is the units digit of 5444522?
2
What is the thousands digit of 1922153?
2
What is the hundreds digit of 351653?
6
What is the tens digit of 359842?
4
What is the thousands digit of 2877279?
7
What is the units digit of 666280?
0
What is the tens digit of 591958?
5
What is the units digit of 982097?
7
What is the ten thousands digit of 2322136?
2
What is the ten thousands digit of 7005690?
0
What is the tens digit of 11884363?
6
What is the thousands digit of 8157659?
7
What is the hundred thousands digit of 531003?
5
What is the units digit of 868239?
9
What is the ten thousands digit of 243914?
4
What is the thousands digit of 24425829?
5
What is the thousands digit of 135673?
5
What is the hundred thousands digit of 1761930?
7
What is the hundred thousands digit of 140094?
1
What is the hundred thousands digit of 2930514?
9
What is the units digit of 3667946?
6
What is the hundred thousands digit of 19909635?
9
What is the thousands digit of 45176?
5
What is the thousands digit of 7539379?
9
What is the thousands digit of 15831603?
1
What is the hundred thousands digit of 244263?
2
What is the hundreds digit of 18001973?
9
What is the ten thousands digit of 23822258?
2
What is the millions digit of 9060741?
9
What is the units digit of 803914?
4
What is the ten thousands digit of 216526?
1
What is the tens digit of 1353512?
1
What is the thousands digit of 2168130?
8
What is the hundreds digit of 218912?
9
What is the thousands digit of 5942740?
2
What is the tens digit of 3364?
6
What is the ten thousands digit of 149600?
4
What is the millions digit of 11899588?
1
What is the tens digit of 1672283?
8
What is the tens digit of 286576?
7
What is the tens digit of 217080?
8
What is the thousands digit of 12293?
2
What is the hundreds digit of 173860?
8
What is the hundred thousands digit of 26908309?
9
What is the thousands digit of 1691099?
1
What is the millions digit of 17819213?
7
What is the ten thousands digit of 27149679?
4
What is the hundred thousands digit of 4212447?
2
What is the hundreds digit of 764502?
5
What is the units digit of 69201?
1
What is the ten thousands digit of 7992493?
9
What is the ten thousands digit of 2482821?
8
What is the hundreds digit of 666043?
0
What is the units digit of 1154003?
3
What is the hundred thousands digit of 244676?
2
What is the hundreds digit of 12920326?
3
What is the hundred thousands digit of 3582170?
5
What is the tens digit of 112031?
3
What is the hundreds digit of 1041997?
9
What is the hundreds digit of 1993355?
3
What is the tens digit of 7652627?
2
What is the ten thousands digit of 303777?
0
What is the thousands digit of 1965872?
5
What is the hundreds digit of 11648249?
2
What is the units digit of 505935?
5
What is the hundred thousands digit of 1809420?
8
What is the ten thousands digit of 245740?
4
What is the hundred thousands digit of 1655284?
6
What is the units digit of 9519952?
2
What is the millions digit of 7123000?
7
What is the tens digit of 2814511?
1
What is the ten thousands digit of 14845725?
4
What is the tens digit of 1264882?
8
What is the millions digit of 2818493?
2
What is the ten thousands digit of 53748?
5
What is the units digit of 14265567?
7
What is the hundred thousands digit of 315160?
3
What is the thousands digit of 97529?
7
What is the hundreds digit of 4432?
4
What is the thousands digit of 543227?
3
What is the thousands digit of 38888408?
8
What is the thousands digit of 616591?
6
What is the millions digit of 1121420?
1
What is the thousands digit of 2737320?
7
What is the hundreds digit of 174916?
9
What is the tens digit of 44656?
5
What is the hundreds digit of 604859?
8
What is the ten thousands digit of 392251?
9
What is the tens digit of 22676?
7
What is the hundreds digit of 7752361?
3
What is the units digit of 138078?
8
What is the thousands digit of 30651379?
1
What is the ten thousands digit of 2570732?
7
What is the